s of 4600?
2, 5, 23
What are the prime factors of 2201?
31, 71
What are the prime factors of 11059?
11059
What are the prime factors of 3539?
3539
What are the prime factors of 2854?
2, 1427
List the prime factors of 9230.
2, 5, 13, 71
List the prime factors of 2039.
2039
List the prime factors of 2081.
2081
List the prime factors of 12730.
2, 5, 19, 67
What are the prime factors of 5610?
2, 3, 5, 11, 17
What are the prime factors of 34574?
2, 59, 293
What are the prime factors of 117331?
117331
What are the prime factors of 9727?
71, 137
What are the prime factors of 6947?
6947
List the prime factors of 28339.
17, 1667
List the prime factors of 39167.
53, 739
List the prime factors of 2514.
2, 3, 419
What are the prime factors of 393?
3, 131
List the prime factors of 1614.
2, 3, 269
List the prime factors of 4822.
2, 2411
List the prime factors of 3377.
11, 307
List the prime factors of 48471.
3, 107, 151
List the prime factors of 2002.
2, 7, 11, 13
What are the prime factors of 5688?
2, 3, 79
What are the prime factors of 542?
2, 271
What are the prime factors of 779?
19, 41
List the prime factors of 1241.
17, 73
List the prime factors of 19107.
3, 11, 193
List the prime factors of 5332.
2, 31, 43
What are the prime factors of 1210?
2, 5, 11
List the prime factors of 76170.
2, 3, 5, 2539
What are the prime factors of 10156?
2, 2539
List the prime factors of 1766.
2, 883
List the prime factors of 111160.
2, 5, 7, 397
What are the prime factors of 268?
2, 67
List the prime factors of 39864.
2, 3, 11, 151
What are the prime factors of 1803?
3, 601
What are the prime factors of 1024?
2
What are the prime factors of 10605?
3, 5, 7, 101
List the prime factors of 48870.
2, 3, 5, 181
List the prime factors of 15753.
3, 59, 89
What are the prime factors of 1932?
2, 3, 7, 23
List the prime factors of 1724.
2, 431
List the prime factors of 26095.
5, 17, 307
List the prime factors of 44293.
44293
List the prime factors of 1361.
1361
What are the prime factors of 110482?
2, 37, 1493
List the prime factors of 27615.
3, 5, 7, 263
What are the prime factors of 54876?
2, 3, 17, 269
What are the prime factors of 49633?
49633
What are the prime factors of 506?
2, 11, 23
What are the prime factors of 112088?
2, 14011
What are the prime factors of 257?
257
What are the prime factors of 4715?
5, 23, 41
List the prime factors of 5862.
2, 3, 977
List the prime factors of 36049.
13, 47, 59
What are the prime factors of 5640?
2, 3, 5, 47
What are the prime factors of 1929?
3, 643
What are the prime factors of 104706?
2, 3, 7, 277
List the prime factors of 569.
569
List the prime factors of 5170.
2, 5, 11, 47
What are the prime factors of 4944?
2, 3, 103
What are the prime factors of 61038?
2, 3, 3391
List the prime factors of 4331.
61, 71
What are the prime factors of 32787?
3, 3643
What are the prime factors of 7617?
3, 2539
What are the prime factors of 1669?
1669
What are the prime factors of 61505?
5, 12301
What are the prime factors of 4559?
47, 97
List the prime factors of 43259.
181, 239
List the prime factors of 21678.
2, 3, 3613
What are the prime factors of 201774?
2, 3, 33629
What are the prime factors of 1226?
2, 613
What are the prime factors of 27932?
2, 6983
What are the prime factors of 6787?
11, 617
List the prime factors of 78916.
2, 109, 181
List the prime factors of 7920.
2, 3, 5, 11
What are the prime factors of 666?
2, 3, 37
List the prime factors of 1862.
2, 7, 19
What are the prime factors of 5826?
2, 3, 971
What are the prime factors of 270?
2, 3, 5
List the prime factors of 316.
2, 79
What are the prime factors of 52575?
3, 5, 701
What are the prime factors of 37765?
5, 7, 13, 83
What are the prime factors of 63748?
2, 15937
List the prime factors of 342.
2, 3, 19
List the prime factors of 3334.
2, 1667
List the prime factors of 36072.
2, 3, 167
List the prime factors of 1973.
1973
List the prime factors of 54978.
2, 3, 7, 11, 17
List the prime factors of 11108.
2, 2777
List the prime factors of 41326.
2, 20663
List the prime factors of 144326.
2, 7, 13, 61
List the prime factors of 31747.
53, 599
List the prime factors of 6110.
2, 5, 13, 47
List the prime factors of 883.
883
What are the prime factors of 29681?
67, 443
List the prime factors of 1905.
3, 5, 127
What are the prime factors of 7356?
2, 3, 613
What are the prime factors of 4359?
3, 1453
What are the prime factors of 2529?
3, 281
List the prime factors of 1500.
2, 3, 5
What are the prime factors of 5317?
13, 409
What are the prime factors of 1089?
3, 11
What are the prime factors of 13539?
3, 4513
List the prime factors of 41308.
2, 23, 449
What are the prime factors of 16961?
7, 2423
List the prime factors of 26417.
26417
What are the prime factors of 27268?
2, 17, 401
What are the prime factors of 11480?
2, 5, 7, 41
What are the prime factors of 26274?
2, 3, 29, 151
What are the prime factors of 2189?
11, 199
List the prime factors of 5628.
2, 3, 7, 67
What are the prime factors of 1550?
2, 5, 31
List the prime factors of 1790.
2, 5, 179
List the prime factors of 966.
2, 3, 7, 23
What are the prime factors of 2364?
2, 3, 197
List the prime factors of 2172.
2, 3, 181
What are the prime factors of 3407?
3407
List the prime factors of 7075.
5, 283
List the prime factors of 6283.
61, 103
What are the prime factors of 6165?
3, 5, 137
List the prime factors of 34135.
5, 6827
List the prime factors of 5657.
5657
List the prime factors of 29456.
2, 7, 263
List the prime factors of 1204.
2, 7, 43
What are the prime factors of 4949?
7, 101
What are the prime factors of 7805?
5, 7, 223
List the prime factors of 2499.
3, 7, 17
List the prime factors of 972.
2, 3
List the prime factors of 144298.
2, 7, 11, 937
List the prime factors of 7853.
7853
List the prime factors of 961.
31
What are the prime factors of 41998?
2, 11, 23, 83
List the prime factors of 14660.
2, 5, 733
List the prime factors of 82086.
2, 3, 13681
List the prime factors of 6568.
2, 821
What are the prime factors of 5474?
2, 7, 17, 23
List the prime factors of 97910.
2, 5, 9791
List the prime factors of 3698.
2, 43
What are the prime factors of 104825?
5, 7, 599
What are the prime factors of 297?
3, 11
List the prime factors of 2252.
2, 563
What are the prime factors of 15422?
2, 11, 701
List the prime factors of 1013.
1013
List the prime factors of 871.
13, 67
List the prime factors of 2662.
2, 11
What are the prime factors of 2994?
2, 3, 499
What are the prime factors of 84502?
2, 11, 23, 167
What are the prime factors of 13015?
5, 19, 137
What are the prime factors of 3478?
2, 37, 47
List the prime factors of 76.
2, 19
List the prime factors of 40.
2, 5
List the prime factors of 298.
2, 149
List the prime factors of 39023.
39023
List the prime factors of 279.
3, 31
What are the prime factors of 532?
2, 7, 19
What are the prime factors of 269?
269
What are the prime factors of 491?
491
List the prime factors of 128.
2
List the prime factors of 984.
2, 3, 41
What are the prime factors of 34466?
2, 19, 907
What are the prime factors of 1374?
2, 3, 229
What are the prime factors of 110?
2, 5, 11
List the prime factors of 77529.
3, 43, 601
List the prime factors of 898.
2, 449
List the prime factors of 5874.
2, 3, 11, 89
What are the prime factors of 656?
2, 41
List the prime factors of 2710.
2, 5, 271
What are the prime factors of 72273?
3, 24091
List the prime factors of 108261.
3, 23, 523
What are the prime factors of 21687?
3, 7229
List the prime factors of 826.
2, 7, 59
List the prime factors of 2298.
2, 3, 383
List the prime factors of 2447.
2447
What are the prime factors of 21110?
2, 5, 2111
List the prime factors of 367.
367
List the prime factors of 161339.
161339
What are the prime factors of 864?
2, 3
What are the prime factors of 57460?
2, 5, 13, 17
What are the prime factors of 186323?
23, 8101
List the prime factors of 63806.
2, 61, 523
List the prime factors of 803.
11, 73
What are the prime factors of 15402?
2, 3, 17, 151
List the prime factors of 4221.
3, 7, 67
What are the prime factors of 21293?
107, 199
List the prime factors of 54681.
3, 11, 1657
What are the prime factors of 2230?
2, 5, 223
List the prime factors of 8988.
2, 3, 7, 107
List the prime factors of 8824.
2, 1103
What are the prime fact